
In base 16, what is 64f + -f72?
-923
In base 2, what is -11000 + -1101110011111110111?
-1101110100000001111
In base 13, what is -3 + 2975691?
297568b
In base 9, what is 542 - -102008?
102551
In base 14, what is -317 + -31710?
-31a27
In base 8, what is 4015 - -105037?
111054
In base 5, what is -4422 + -23343403?
-23403330
In base 6, what is -125 - 3140033?
-3140202
In base 9, what is 3028 - 2656?
262
In base 10, what is 17 - -6329887?
6329904
In base 12, what is -47aaa41 - b?
-47aaa50
In base 2, what is 1001111101110100111101100010 - 10?
1001111101110100111101100000
In base 8, what is 33521432 + -1?
33521431
In base 3, what is -111 + 1022120010122?
1022120010011
In base 13, what is -b261 + -15246?
-234a7
In base 11, what is 35289030 - 5?
35289026
In base 7, what is 141104154 - -1?
141104155
In base 3, what is 22112001020002 + 1?
22112001020010
In base 13, what is -80ab1c - -3?
-80ab19
In base 10, what is 2209 - 17528?
-15319
In base 14, what is -162a9 + -321?
-165ca
In base 12, what is -1 - -6836a5?
6836a4
In base 8, what is 116117644 + -16?
116117626
In base 5, what is 12022 + -324141?
-312114
In base 4, what is 120211 + 102103?
222320
In base 11, what is 3 + 801758?
801760
In base 12, what is 225 - 983253?
-98302a
In base 15, what is -a9a - -5d4e?
52a4
In base 2, what is 100 + -101010111011011100101100?
-101010111011011100101000
In base 7, what is -12 + 233436166?
233436154
In base 16, what is cb9d + -25c?
c941
In base 7, what is -21364 + -2325?
-24022
In base 13, what is a - -bac412?
bac41c
In base 10, what is 4889 - 37944?
-33055
In base 10, what is 10 - 686860?
-686850
In base 13, what is -3 + -10766a6?
-10766a9
In base 5, what is -234 + 1242321141?
1242320402
In base 14, what is -7703b + 9d?
-76d7c
In base 10, what is 16 - -17038293?
17038309
In base 10, what is -25973 - 789?
-26762
In base 10, what is 2567 - 125208?
-122641
In base 6, what is 2 + -105230001323?
-105230001321
In base 8, what is -5702455 + 666?
-5701567
In base 9, what is -1 + -6141473?
-6141474
In base 10, what is 106163256 + 2?
106163258
In base 2, what is -111 - 1001000010111101110?
-1001000010111110101
In base 4, what is 101031 + 230130?
331221
In base 6, what is 2113012 - -20003?
2133015
In base 15, what is -57aa + -4c?
-5807
In base 2, what is 1100010 + 10000100110000101001?
10000100110010001011
In base 4, what is -130011133322 - 10?
-130011133332
In base 7, what is 63315 - -1432?
65050
In base 5, what is -1011033433 - 110?
-1011034043
In base 15, what is 6d - -1d62?
1dd0
In base 10, what is 68 + 597740?
597808
In base 10, what is -10533808 + 10?
-10533798
In base 10, what is -102299354 + -5?
-102299359
In base 5, what is 43441 - 423434?
-324443
In base 2, what is -11111000100 - 1000011100010000001?
-1000100000001000101
In base 13, what is 4 + -65a877?
-65a873
In base 6, what is 144154 + 310033?
454231
In base 15, what is -1d8 - 2691e?
-26b07
In base 3, what is 22222111200121002 + -12?
22222111200120220
In base 3, what is -21 + -1122022110012002?
-1122022110012100
In base 10, what is 43344010 + 2?
43344012
In base 12, what is 2 + 4701942?
4701944
In base 6, what is 14 - 3500541?
-3500523
In base 13, what is -a20b6 + 4a6?
-a1910
In base 5, what is -42 + 22414130?
22414033
In base 15, what is 7 + bb3815?
bb381c
In base 2, what is 1001001010111 - -10110000001?
1011111011000
In base 10, what is 2223 - 12574?
-10351
In base 13, what is -826700 - 18?
-826718
In base 15, what is -11dad - 5ab?
-12469
In base 14, what is 259b017 - -3?
259b01a
In base 12, what is 25 + 315b38?
315b61
In base 3, what is -20011111 + -10202212121?
-11000001002
In base 10, what is -32502940 + -3?
-32502943
In base 6, what is -43 - 1121510?
-1121553
In base 6, what is -15015533 - -4?
-15015525
In base 10, what is -4 + 18901133?
18901129
In base 5, what is 4 - -41333010324?
41333010333
In base 11, what is -1245 - 12845?
-13a8a
In base 16, what is 48 + f87?
fcf
In base 16, what is -187b561 + -1?
-187b562
In base 14, what is -765acb - 2?
-765acd
In base 9, what is 78 + 30603?
30682
In base 9, what is 33276052 - 0?
33276052
In base 8, what is 3 - -6755746?
6755751
In base 7, what is -31310 - -4005?
-24302
In base 2, what is -1111010101 - 10000000111?
-11111011100
In base 7, what is 4102501200 + -2?
4102501165
In base 6, what is 5040441121 + 5?
5040441130
In base 6, what is -14 + 1002153535?
1002153521
In base 7, what is 6023 + -1601122?
-1562066
In base 3, what is -2222211010211 - 12?
-2222211011000
In base 10, what is 90686852 - -5?
90686857
In base 5, what is 1 - 10133102133?
-10133102132
In base 14, what is -2dd70 + 166?
-2dc08
In base 14, what is d6473 + 21?
d6494
In base 2, what is -10011001000 + 10001000011?
-10000101
In base 16, what is 5 + ed2513e?
ed25143
In base 3, what is 10101201120221 - -1010?
10101201122001
In base 3, what is 102 + -122200212210010?
-122200212202201
In base 4, what is 12113 + -10210221?
-10132102
In base 16, what is -12 + -3befff?
-3bf011
In base 3, what is -11022122100 + -1222?
-11022201022
In base 13, what is 21 + -6666242?
-6666221
In base 14, what is 39d4 + -1083?
2951
In base 10, what is -403812335 + 0?
-403812335
In base 6, what is -332214 - -12533?
-315241
In base 2, what is -1010011 - -1011111100111100?
1011111011101001
In base 14, what is 2 - b05382d?
-b05382b
In base 3, what is -110112021222121 + 111?
-110112021222010
In base 16, what is 8626cc - -3?
8626cf
In base 2, what is 101110000011000011100000 + -10010?
101110000011000011001110
In base 15, what is 2ac - ee1c?
-eb60
In base 3, what is 22112001111221212 - 0?
22112001111221212
In base 12, what is 102ab83 - -b6?
102b079
In base 9, what is -545541284 + -1?
-545541285
In base 11, what is -1113 + 1370a9?
135a96
In base 9, what is 35 - 1556873?
-1556837
In base 2, what is 1101100101010000101100 + 11?
1101100101010000101111
In base 8, what is 100 - -14225476?
14225576
In base 7, what is 4406445 - 111?
4406334
In base 12, what is 5 + -2bb414?
-2bb40b
In base 2, what is 10000000 - -1100101010110000?
1100101100110000
In base 14, what is -251db - -13c?
-2509d
In base 15, what is 5 - 165c8b38?
-165c8b33
In base 9, what is -775 - 18266?
-20152
In base 16, what is -fc31f + 5e?
-fc2c1
In base 13, what is 88a95 - -5?
88a9a
In base 5, what is 33140 + 2301221?
2334411
In base 9, what is -248 - 131643?
-132002
In base 15, what is 27 + 2dd0d8?
2dd110
In base 14, what is 6c + -a6ad6c?
-a6ad00
In base 8, what is 72 + 16172?
16264
In base 5, what is -1321 + -1124322?
-1131143
In base 11, what is -14 + -5968923?
-5968937
In base 13, what is -523c - 13c?
-537b
In base 13, what is -1 - 1924647?
-1924648
In base 4, what is 30031100 - 201?
30030233
In base 9, what is 1021 - 130735?
-128714
In base 5, what is 3043021422031 + -10?
3043021422021
In base 3, what is -10 - -210200202012011?
210200202012001
In base 6, what is 53 - -134254?
134351
In base 9, what is -2613 - -143535?
140822
In base 3, what is 1012122220110010212 + 11?
1012122220110011000
In base 10, what is -79616082 - -5?
-79616077
In base 10, what is 24782452 + 11?
24782463
In base 14, what is -590566ab - -3?
-590566a8
In base 14, what is -4b445 + -42?
-4b487
In base 14, what is -902 + 6c517?
6ba15
In base 11, what is 5 + 22885878?
22885882
In base 8, what is -615 + 1774004?
1773167
In base 5, what is 1112111431 - 10?
1112111421
In base 4, what is -1111 - 312100313?
-312102030
In base 15, what is -50882 - 7?
-50889
In base 9, what is -60 + 251682?
251622
In base 13, what is -b8390 + 19?
-b8374
In base 5, what is 20312214 - -22421?
20340140
In base 3, what is 202201122002 - 101020?
202201020212
In base 13, what is 35739 - 412?
35327
In base 10, what is -244421 + -157?
-244578
In base 11, what is 58 + 26a560?
26a608
In base 10, what is -21 - 495610?
-495631
In base 9, what is 3 - 2001716?
-2001713
In base 2, what is -1111110111 + 1010000010001001000?
1010000000001010001
In base 12, what is 9 + -3349?
-3340
In base 12, what is -30488 + -21a?
-306a6
In base 15, what is -4 + 18d194?
18d190
In base 2, what is -11110100000101011111101101 + 101?
-11110100000101011111101000
In base 5, what is -3 - -3400212430?
3400212422
In base 5, what is 1 + 333023404014?
333023404020
In base 12, what is -b43664 - -112?
-b43552
In base 14, what is -1cac558 - 1?
-1cac559
In base 3, what is 1101